
Let f = 7 + 6. What is the greatest common factor of f and 91?
13
Suppose -r - r - 16 = 0. Let z = r - -4. Let u be 1*z/(-2) - -4. What is the greatest common divisor of 24 and u?
6
Suppose 0 = 4*c - 361 + 9. Calculate the highest common factor of c and 8.
8
Let k(q) = q**2 - 3*q. Let y be k(2). Let f = 23 + y. Let v = -9 - -12. What is the greatest common divisor of v and f?
3
Suppose -51 = -3*d - 4*p, -d + 2*p - 32 = -3*d. Suppose 5*v = -4 - 1, -g + 92 = -v. Calculate the greatest common divisor of d and g.
13
Suppose 0 = -h - 5*y - 22 + 82, -3*h + 5*y + 80 = 0. What is the highest common factor of 7 and h?
7
Let d(l) be the third derivative of l**5/30 - l**4/24 + l**3/6 - l**2. Let c be d(1). Calculate the highest common factor of c and 18.
2
Let d be (10/(-8))/(8/(-64)). Let s(m) = 18*m + 4. Let l be s(d). Calculate the highest common divisor of 23 and l.
23
Suppose 20 = m - 55. What is the highest common factor of m and 50?
25
Suppose -2*x = x. Let d(l) be the third derivative of l**6/120 + l**4/24 + 7*l**3/3 + 4*l**2. Let r be d(x). Calculate the highest common factor of r and 28.
14
Let c be (-2 - -6)/(-1 - 0). Let h be (42/c)/(1/(-2)). What is the highest common factor of 7 and h?
7
Let t be -5*7*2*4/(-10). Calculate the highest common divisor of t and 42.
14
Let y(t) = t**3 - 6*t**2 + 7*t - 3. Let r be y(5). Suppose -13 = 4*w + 27. Let f = w + 31. Calculate the greatest common factor of f and r.
7
Let i(g) = g + 8. Let f be i(-9). Let a be f/(-2)*(-5 + 27). What is the greatest common divisor of 1 and a?
1
Let m(w) = -2*w + 9. Let d be m(6). Let a be d/1 - 0 - -7. Suppose c - 2 = a. What is the greatest common factor of 3 and c?
3
Let c be 1*(1 - 0)*110. Let d be (-184)/(-18) + (-40)/180. What is the highest common factor of c and d?
10
Let p = 21 + -47. Let q = -20 - p. What is the highest common divisor of q and 6?
6
Suppose 5*y - 56 = 34. Calculate the highest common factor of 2 and y.
2
Let v be (-33 + 0)*(-2)/3. What is the highest common factor of 88 and v?
22
Suppose -2*m - 242 = -3*d - 0*m, -3*d + 3*m + 237 = 0. Calculate the highest common divisor of 12 and d.
12
Suppose 3*w - 128 = 2*w. Calculate the highest common factor of 16 and w.
16
Suppose 3*j + 12 = 0, 0 = m - 3*m - 5*j. Calculate the highest common factor of 50 and m.
10
Let s = 11 - -10. Let t be (s/9)/((-1)/(-21)). What is the greatest common divisor of 7 and t?
7
Suppose 3*g - w = 18, -w + 6 = -3*g + 4*g. Calculate the highest common factor of 15 and g.
3
Let n(c) = c**3 - 3*c**2 - 6*c - 5. Let d be n(5). Let y be ((-4)/5)/((-2)/d). Let s = 59 + -41. What is the highest common divisor of y and s?
6
Suppose w - 65 - 67 = 0. Calculate the greatest common divisor of w and 12.
12
Let x(p) = -207*p**2. Let s be x(1). Let h(v) = -2*v + 7. Let r be h(11). Let d = r - s. What is the greatest common divisor of 24 and d?
24
Let v(a) = -3*a**2 + 11*a + 5. Let k be v(3). What is the greatest common divisor of k and 11?
11
Suppose 10 = -4*z - 18. Let c = 4 + z. Let y(n) = 2*n**2 + n. Let m be y(c). What is the highest common divisor of 5 and m?
5
Let t(s) = -s**3 - 11*s**2 - 8*s + 14. Let v be t(-10). Let f be 2*(-3)/v + -1. Let n = 2 + f. What is the greatest common factor of n and 18?
2
Let v = -12 + 18. Let r(n) = -n**2 - 5*n - 2. Let l be r(-5). Let p be l/(-3)*9 - -3. Calculate the greatest common factor of v and p.
3
Let m(z) = -23*z + 2. Let a be m(-2). Let q(f) = 4*f**2 - 8. Let d be q(6). Suppose 4*u - d = -8. What is the highest common divisor of u and a?
16
Let w(h) = -h**2 + 8*h - 9. Let d be w(6). Let u be 7/3*d - 2. Calculate the highest common factor of u and 10.
5
Suppose 2*x = -2*x + 16. Let a be -2*x/((-4)/5). Calculate the highest common factor of a and 2.
2
Let r = 2 - -9. What is the greatest common factor of 77 and r?
11
Suppose -23*c + 22*c = -14. What is the highest common factor of 56 and c?
14
Let o(u) = -u**3 + 7*u**2 - 6*u + 1. Let h be o(6). Let i be (-4)/(1/(-2)*h). Let x be 2 - (0 + -1 - -1). Calculate the greatest common divisor of x and i.
2
Let m(o) = -11*o + 74. Let q be m(6). Let l be 2/(-3) - 218/(-3). Calculate the highest common factor of l and q.
8
Let i = -73 + 128. Suppose 0 = -5*f - 0*f + 110. Calculate the highest common divisor of f and i.
11
Let s(c) = 3*c**2 - 8*c + 9. Let g be s(6). Suppose 3*k = -4*y + 142, k - 45 = 4*y - 3. What is the greatest common factor of g and k?
23
Let i be (-3*6/(-9))/1. Let d(a) = 2 - 4*a + i + 0*a - a. Let f be d(-4). What is the highest common factor of 36 and f?
12
Let h(p) = 2*p**2 + 7*p - 9. Suppose -5*g + a + 0*a = 48, 4*g + 2*a + 30 = 0. Let j be h(g). Let m = 12 - 2. Calculate the greatest common divisor of m and j.
10
Suppose -s + 1 = -1. Suppose s*t - 7*t = -30. What is the highest common divisor of 42 and t?
6
Let c be ((-8)/5)/(22/(-495)). Calculate the greatest common factor of c and 24.
12
Let i be 3/(-4) - 5621/(-28). What is the greatest common factor of i and 40?
40
Let u = 7 - 4. Suppose 32 = k - 2*q, -6*q + 3*q = u*k - 51. Let b = k + -9. What is the highest common divisor of b and 52?
13
Suppose -5*w = 15, -s - 5*w = -3 + 1. Let l = -1 + s. What is the greatest common divisor of 4 and l?
4
Suppose 6 = g + 4. Suppose 4*j = g*w - 1 - 3, 37 = 5*w - j. Calculate the highest common divisor of 8 and w.
8
Suppose -l - 5*f = 6, 3*l - 2*l + f - 2 = 0. Suppose -l*i + 25 = -47. What is the greatest common divisor of 45 and i?
9
Let x be 7146/22 + 12/66. What is the greatest common factor of x and 25?
25
Suppose -4*n + 4 = -4. Suppose -7*q + n*q + 350 = 0. Calculate the highest common factor of q and 14.
14
Suppose -t + 5*z = -4*t - 17, -5*z - 22 = -2*t. Let b be 5*((-12)/(-15))/t. What is the highest common factor of b and 28?
4
Suppose 4*q - 8 = -2*d + 3*d, -3*d = 5*q + 7. Let b = d + 7. Suppose 3*i = 0, 280 = 4*t - i - b*i. What is the greatest common factor of 10 and t?
10
Suppose 0*w - 4 = -w. Let t(o) = o**3 - 4*o**2 - o + 5. Let z be t(4). Calculate the highest common factor of z and w.
1
Let y(w) = -w**2 - 4*w + 2. Let j be y(-4). Suppose j*b + 3*b = 45. Calculate the greatest common factor of b and 72.
9
Let c = 6 - 3. Let v be (0 - c/6)*8. Let u = 8 - v. What is the highest common divisor of u and 12?
12
Suppose -s = -2*y - 76, -4*y + 173 = 3*s + y. What is the greatest common factor of 33 and s?
33
Let q = -2 - -2. Let m = 0 + 4. Let r = m + q. Calculate the greatest common factor of 10 and r.
2
Suppose 2*i + 2*i = 16. Suppose -i*z = -4*u + 8, -u + 4*u - 6 = -z. Suppose 13*b = 9*b + 56. What is the highest common divisor of u and b?
2
Let l(s) = -2*s - 1. Let x be l(-7). Let g be (-12 - 1)*(1 - 12). Calculate the greatest common factor of x and g.
13
Suppose 0 = -x - 4 + 34. Suppose -5*r = -3*p + 14, 16 = -7*p + 3*p - 2*r. Let i be ((-1)/p)/(3/90). What is the highest common divisor of i and x?
15
Let q(h) = h**3 + 8*h**2 - 12*h - 21. Let k be q(-9). What is the highest common factor of 30 and k?
6
Let j = -55 - -66. Calculate the greatest common factor of 77 and j.
11
Let q(l) = 4*l + 4. Let z(d) = 3*d - 7. Let r be z(3). Let m be q(r). Calculate the highest common factor of 12 and m.
12
Let i(t) be the third derivative of t**4/3 - t**3/3 - 2*t**2. Let d be i(3). What is the highest common divisor of d and 55?
11
Suppose -5*t + 10 = -50. Calculate the highest common divisor of t and 96.
12
Suppose -3*h + z = -4*h + 50, 0 = -4*h - 3*z + 199. Let s = 27 - 43. Let i = h - s. What is the highest common factor of i and 13?
13
Suppose -85 = -l - z - 4*z, 5*z + 175 = 3*l. What is the highest common divisor of 26 and l?
13
Let y(t) = -4*t**3 - 2*t**2 - 15. Let g(v) = -5*v**3 - v**2 - 16. Let d(r) = 5*g(r) - 6*y(r). Let f be d(7). What is the greatest common divisor of f and 2?
2
Let k = 306 + -18. Let f = k + -156. Calculate the highest common divisor of 12 and f.
12
Let s(t) = 4 - 8*t - t**3 + 2*t + 6*t**2 + 3*t**2. Let r be s(7). What is the highest common factor of 24 and r?
12
Let q = 91 + -59. Calculate the greatest common factor of 96 and q.
32
Suppose 12*s = -5*s + 527. What is the greatest common factor of s and 279?
31
Suppose 3*q = -4*c + 35, c - 11 = q - 4*q. What is the highest common factor of c and 56?
8
Let k = 19 - 4. Suppose 0*w - 3*l = -2*w + 35, 5*l - k = -4*w. Cal